 + 60. Let b be o(10). Let v(a) = a**3 + a. Determine v(b).
0
Let g(l) = -l**3 - 4*l**2 - 1. Suppose -5*q + 6*q - 3 = 0, -5*q + 19 = -k. Calculate g(k).
-1
Let d(k) = k**2 + 12*k + 12. Suppose -15*g = -0 + 165. Give d(g).
1
Let y(a) = -2*a - 104*a**2 + 2*a + 91*a**2. Determine y(1).
-13
Suppose u + 20 = 19. Let r(z) = 1 - 96*z**2 - z - 94*z**2 + 2*z + 196*z**2. Calculate r(u).
6
Let d(v) = -v. Let i be d(1). Let s(n) = 2*n**2 + 2*n + 2. Let m be s(-1). Let a(r) = 6*r**2 + 18*r**m - 16*r**2 + 2*r + 1. Give a(i).
7
Let r(y) = 2 - 2 + y**3 + y + 3 - 3*y**2. Suppose -7*u - 178 = -199. Give r(u).
6
Let g(f) = -8 + 4*f - 3*f + 0*f. Let a = -407 + 407. What is g(a)?
-8
Let o(j) = 12*j - 1. Let a(m) = m**2 - 22*m - 21. Let z be a(23). Suppose -4*b = 3*i + 15 - 4, z*b - 4*i = 22. Determine o(b).
11
Let u(g) = -25*g + 9*g + 7*g + 7*g. Let c(s) = -s**3 - 3*s**2 + 5*s - 2. Let n be c(-4). Let m be 1/(1/n*-3). Calculate u(m).
-4
Suppose j + 164 = 5*j. Let y = j - 41. Let s(w) = w**3 - w + 3. Give s(y).
3
Let o be ((-22)/(-10) - 1)*105/21. Let i(m) = -m**3 + 6*m**2 + m - 7. What is i(o)?
-1
Let d(f) be the first derivative of f**2/2 + 4*f + 116. Determine d(5).
9
Let t(z) = 0 + 3 + z - 1 + 5. Suppose 2*l = -20 + 8. What is t(l)?
1
Let z(h) be the second derivative of h**4/8 - h**3/6 + 3*h**2 - 4*h. Let i(k) be the first derivative of z(k). Give i(3).
8
Let w(p) = 9*p**3 - 11*p**2 + 18*p - 1. Let k(m) = -5*m**3 + 5*m**2 - 9*m + 1. Let f(g) = 7*k(g) + 4*w(g). Let v be (-637)/(-77) + (-36)/132. What is f(v)?
11
Let g(j) = -6 + 2 + 1 + j. Suppose -3*t + 10 = -2*u, -t - 2*u - 3 = -9. Give g(t).
1
Let j(f) = -15*f + 3. Let a(p) = -3*p - 5. Let b(z) = -2*z - 2. Let q(r) = -3*a(r) + 7*b(r). Let u(c) = 3*j(c) - 8*q(c). What is u(1)?
-4
Let n(d) = -d**3 + 3*d**2 + 4*d - 4. Let j = 10 - 29. Suppose -3*h + 6*h = -69. Let u = j - h. Give n(u).
-4
Let v be (-102)/(-36) - (-2)/12. Suppose 0 = 5*x - 5*t - 90, -2*x - v + 23 = 2*t. Let i = x - 9. Let r(d) = -d**2 + 6*d. Determine r(i).
5
Let r(b) = b**3 + 9*b**2 + 6*b + 2. Suppose -3 = -3*u, -5*y - 41 + 1 = -5*u. Give r(y).
58
Let r(f) be the first derivative of -f**5/60 - 7*f**4/24 + f**3/6 + 15*f**2/2 + 13. Let w(n) be the second derivative of r(n). What is w(-6)?
7
Suppose -5*k + 21 + 9 = 0. Suppose 0 = 5*c - 4 - k. Let j(z) = 3 + 26*z - 49*z + 18*z. Determine j(c).
-7
Let h(s) = -5*s - 19. Let b(i) = 3*i + 11. Let a(y) = -7*b(y) - 4*h(y). Determine a(-6).
5
Let h = -530 - -534. Let z(p) = -p**3 + 2*p**2 - 4*p + 4. Calculate z(h).
-44
Let d(k) = 4*k**2 - 12*k + 2. Let c be d(2). Let n(l) = l**2 + 6*l + 12. Determine n(c).
12
Let v(b) = 2*b**2 + b**2 + 1 - 2 - 9*b**2 + 3*b + 4*b**2. Determine v(-3).
-28
Let w(h) be the first derivative of h**4/12 - 5*h**3/6 + 19*h**2/2 + 17. Let b(o) be the second derivative of w(o). Determine b(4).
3
Let x(l) = -l**3 - 9*l**2 - 14*l + 2. Let c(i) = -i**3 - 7*i**2 - 4*i + 5. Let a be c(-6). Calculate x(a).
2
Let v = 505 - 501. Let u(d) = d + 3. What is u(v)?
7
Let r = 4 + -1. Suppose -x = 3*p - 7, 2*x = 5*p - p - 6. Let u(i) = -2 - i**p + 3*i + i + i**2 - i**2. Give u(r).
1
Let p be (-2)/2 - 1 - -1. Let f(b) = -9*b**3 - 17*b**2 + 6*b - 2. Let h(a) = -5*a**3 - 7*a**2 + 2*a - 1. Let j(n) = -2*f(n) + 5*h(n). Give j(p).
7
Let y(w) be the second derivative of -w**3/6 + 7*w**2/2 + w. Let n be 1/4 + (49/(-4) - -2). Let u be -2 - (n + 2 + 2). Calculate y(u).
3
Let j(i) = 4*i**3 - 2*i**2 - 23*i + 12. Let o(w) = 2*w**3 - w**2 - 13*w + 7. Let f(v) = 4*j(v) - 7*o(v). Give f(-1).
-3
Let k(x) = -4*x**2 - 4*x - 1. Let g(c) = -c**2 - c - 1. Let f(j) = -3*g(j) + k(j). Suppose 0 = 42*p - 49*p. Give f(p).
2
Let o(c) be the first derivative of 15 - 7*c - 1/3*c**3 + c**2. Give o(5).
-22
Let b be 2 + (3/3 - 1). Let k(h) = 5*h + 0*h**2 + b*h**2 + 9*h**2 - 22*h + 9. Let g(p) = -5*p**2 + 8*p - 4. Let l(t) = 13*g(t) + 6*k(t). What is l(-3)?
5
Let j = 15 + -19. Let a be (-5 + j + 7)*(-1 - 0). Let m(f) = -f + 2. Let w(p) = -6*p + 11. Let r(g) = -33*m(g) + 6*w(g). Give r(a).
-6
Let f(x) = -12*x + 11*x - 2 - x**3 + 1 - 3*x**2. Give f(-4).
19
Let b(c) = c**2 + 15*c - 29. Let f(a) = a**2 + 63*a + 933. Let v be f(-25). Give b(v).
5
Suppose -5*z - 5*y = -9*y - 15, 0 = 2*y. Let m(l) = -2*l**2 + 19*l - 5. Let c(v) = v**2 - 9*v + 3. Let j(r) = z*m(r) + 7*c(r). Determine j(4).
-2
Let u(q) be the second derivative of -q**5/20 - 11*q**4/12 - 3*q**3/2 + 7*q**2 + 67*q - 2. Give u(-10).
4
Let y(k) = 3*k + 29. Let r(s) = 3*s + 33. Let n(v) = 5*r(v) - 6*y(v). Suppose -3*p = 5*f - 0*p + 55, -4*f = -3*p + 17. What is n(f)?
15
Let a(j) be the first derivative of j**3/3 + 5*j**2/2 - 8*j + 201. What is a(-7)?
6
Let n(o) be the second derivative of -13*o + 1/20*o**5 + 2/3*o**3 - 5/12*o**4 + o**2 + 0. Suppose 3*z + t - 6 = -2*t, -5*z - 2*t + 16 = 0. Determine n(z).
2
Let r(w) = -w + 3. Let m be (1 - 4)/((-2)/6). Suppose -4*j = -4*h + 24, -2*j + m = h - 0*h. Calculate r(h).
-4
Let z(x) = -3*x**2 + 3*x - 1 + 2*x**2 - 5*x + 0 - 17*x**2. Give z(-1).
-17
Let s = -13 + 15. Let c be (-4)/12 - (-10)/(-6). Let k be 1 + 3 + c + s. Let h(p) = -2*p**2 + 6*p - 3. Determine h(k).
-11
Let n = 13 - 1. Let g be (n/18)/(6/45). Let s(w) = w**2 - 5*w - 1. Give s(g).
-1
Let u(s) = s**3 + 9*s**2 + 9*s + 2. Suppose d + 10 = 5*r, -2*r - 1 = 4*d - 5. Suppose 5*x = r*z + 16, -z + 3 = 4*x - 2. Let w = -5 + z. Determine u(w).
-6
Let f(p) = -3*p**2 - p + 1. Suppose -5*t = -2*l + 3*l + 319, -2*t - 3*l - 138 = 0. Let y = -65 - t. Give f(y).
-9
Let u = -8 + 12. Suppose 2*x - 6 = u*n - 0*n, 0 = 4*x + 2*n + 8. Let p(c) = 2*c**3 - 2*c**2 - 2*c - 1. Determine p(x).
-3
Let a(m) = -4*m - 4. Let k(o) = -o - 1. Let y(l) = -4*a(l) + 14*k(l). Give y(3).
8
Let q(i) = -i - 13. Let h(u) = 2*u + 26. Let k(w) = 6*h(w) + 11*q(w). Let s(j) = 1. Let v(d) = k(d) - 6*s(d). Suppose 31*c + 8*c + 45*c = -420. Give v(c).
2
Let b(g) = -4 + g - 9*g + 7*g. Calculate b(-11).
7
Let m be 7/8*2 - 1/(-4). Let g(r) = -2 + 0*r**2 - 2 - r**2 - m*r - 2*r. Determine g(-5).
-9
Let l(f) = 45*f - 21*f - 20*f + 4*f**2 + 1. Determine l(3).
49
Let f(j) be the first derivative of -11*j**2/2 + 5*j - 215. Determine f(2).
-17
Suppose 0 = -3*s + 22 - 16. Let r(u) = 2*u**s - 3*u**2 + 4*u + 1 + u**2 + u**2. Let x(c) = 3*c**2 + 8*c + 2. Let j(o) = 5*r(o) - 2*x(o). Give j(4).
1
Let c(z) = z**2 + 3. Suppose 5*g = y + 1, 5*y = 4*g + 4*y - 1. Calculate c(g).
3
Let s(d) = -2*d**2 - 2*d + 3. Let x(y) = 9*y - 56. Let o be x(6). Let r(p) = -p**2 + p - 1. Let i(f) = o*r(f) - s(f). What is i(1)?
3
Let l(a) = 7*a**3 - 10*a**2 - 22*a + 12. Let o(q) = -8*q**3 + 10*q**2 + 24*q - 13. Let r(j) = -9*l(j) - 8*o(j). What is r(-9)?
23
Let h(n) = 4. Let p(m) = -m - 33. Let c(a) = -4*h(a) - p(a). Give c(-9).
8
Let t(v) be the third derivative of -v**6/120 - v**5/20 - v**3 + 265*v**2. Calculate t(-5).
44
Suppose -3*k - 2*r = 71, -2*r = -4*k - 54 - 50. Let j = 22 + k. Let f(y) = -2*y**2 + 0*y**2 + 3*y**2 - 3. What is f(j)?
6
Let i(p) = -p**3 - 3*p**2 + 2*p - 5. Let w be 1 - (-3 + 0 + -1). Suppose -16 = v - w*v. Suppose -v*x + 4*q - 16 = 0, -4*x + 0*x - 16 = 4*q. Give i(x).
3
Let y = 71 - 65. Let r(f) = 2*f + 3. Let i(m) = -m + 1. Let t(u) = y*i(u) + r(u). What is t(6)?
-15
Let d(s) be the third derivative of s**4/6 + 5*s**3/6 - 10*s**2. Suppose -4*x - 8 = -2*x. Give d(x).
-11
Let b(g) = 0 - 55*g**2 + 0 - 4*g**3 + 57*g**2 + 2*g + 2. Determine b(-2).
38
Let k(r) be the third derivative of -r**6/120 - r**5/10 - r**4/8 - 2*r**3 - r**2 - 75*r. Determine k(-6).
6
Let n(g) = g**3 + 5*g**2 + 3*g - 2. Let r be n(-4). Let p(d) = -6*d**2 + 4*d - 1. Let s(h) = -h**2 + h - 1. Let a(j) = -p(j) + 2*s(j). Calculate a(r).
11
Let g(z) = z**3 - 5*z**2 - 3. Suppose 30*j - 150 = -0. Give g(j).
-3
Let i = 20 - 20. Let l be 0*(i - 3/(-6)). Let f(w) = 2*w + l*w + 3 - 2 - 2. Calculate f(1).
1
Let g(k) = -33*k**3 + 14*k**2 + 5. Let q(u) = -34*u**3 + 16*u**2 + 6. Let n(a) = 7*g(a) - 6*q(a). What is n(-1)?
28
Let w be 20 + -19 + 3/(-1). Let i be 3 - 11 - (w - 2). Let j(y) = y**2 + 2*y + 1. Determine j(i).
9
Let l(q) = -4*q + 21. Let k(d) = -2*d + 12. Let m(i) = -10*k(i) + 4*l(i). Calculate m(8).
-4
Let s(i) = 10*i - 1. Let n = 72 + -69. Suppose 3*d + 5*m - 8 = -0*m, -n*m + 3 = 0. What is s(d)?
9
Let o(z) = z**2 - 3*z - 8. Let j be -1 + (-2 - 1) + (0 - 3). Let i be j/(